 2*m + 13. Let i(j) = 2*n(j) + 5*z(j). Let k be i(-7). What is the tens digit of 2/k - (-112)/12?
1
Let w = 3 - 1. Suppose 3*v - 5*b + 64 = 0, -w*v + 0*b - 3*b - 30 = 0. What is the units digit of 14/4 - v/(-12)?
2
Suppose -8 = o + o. Let l = o - -8. What is the units digit of (l + 0 - 2) + 1?
3
Let h = 61 + -30. Let w = 9 + h. What is the units digit of w?
0
Let s(w) = 5*w + 1 - 4 - 2*w. Suppose -5*z + 10 = -5*d + 4*d, -2 = -z + 4*d. What is the units digit of s(z)?
3
Suppose 2*u = -3*t - 23, -2*u - 18 = u - t. Let m = u + 4. What is the units digit of (-2)/(m + 1) - -3?
4
Let t be -1 + 0 + 0 + 0. Let p(f) = 18*f. Let v be p(t). Let k = v - -26. What is the units digit of k?
8
Let r(g) = g**2 - 10. What is the units digit of r(9)?
1
Let r = -13 + 27. Let c = r - 0. What is the tens digit of c?
1
Let u be (-174)/(-9)*(-15)/(-10). Suppose -4*k + 79 = -u. What is the units digit of k?
7
Let m(c) = 12*c + 3. What is the tens digit of m(4)?
5
Let r = 55 - 34. What is the units digit of r?
1
Let y(h) = -8*h**3 - 2*h - 2. What is the tens digit of y(-2)?
6
Let v(l) = -3*l + 17. Let u(t) = -t + 6. Let o(x) = 17*u(x) - 6*v(x). Let w be ((-1)/(-3))/((-12)/(-108)). What is the units digit of o(w)?
3
Suppose 2*v - 24 = -4*q, -5*q = 2*v - 4*q - 15. Let m(p) = -p**3 - 163*p + 5*p**2 + 170*p + 0*p**3 - 4. What is the units digit of m(v)?
2
Let t be (-10)/((-2 - -4)/(-2)). Suppose 4*r - t = -4*f + 3*r, 5*f - 12 = -r. Suppose 4*c = h + 53, -f*h - 2*h - 44 = -2*c. What is the tens digit of c?
1
What is the tens digit of (-4)/((-32)/(-90))*40/(-15)?
3
Let k = 142 + -83. What is the tens digit of k?
5
Let f(n) = -3 + 1 - 3*n + 4. What is the tens digit of f(-6)?
2
What is the tens digit of (-15)/10 - -1*301/2?
4
Suppose 2 = 4*a - 2*r + 4, 0 = 5*a - 5*r + 15. Suppose 5*w + 15 + 13 = -g, -a = -g. What is the units digit of (-2)/(-1) + -2 - w?
6
Suppose 4*m = -2*a + 14, -2*a + 14 = 7*m - 2*m. Let t(k) be the second derivative of -k**3/6 + 7*k**2 - 2*k. What is the units digit of t(a)?
7
Suppose 266 - 811 = -5*p. What is the tens digit of p?
0
Suppose 0*k = -4*k + 5*o + 8, 5*k - 4*o = 10. Suppose -x - 38 = -5*y, y - k = -x + 2. Suppose 2*u - 6 = 4*q, 5*q - 24 = -3*u + y. What is the units digit of u?
7
Let j(f) = f**3 - 10*f**2 + 2*f - 8. What is the tens digit of j(10)?
1
Suppose 4*p + 0*j = -3*j - 37, 4*p = 5*j - 13. Let n = 4 - p. What is the tens digit of n?
1
Suppose 0 = 3*c - 30 - 24. What is the tens digit of c?
1
Suppose 4 = -q + 2, 3*h + 5*q - 74 = 0. What is the units digit of h?
8
Suppose -4*h + 6 = -2. What is the units digit of ((-11)/(-4) - h)*4?
3
Suppose 0 = -3*p - 5*m + 50, -p + 2*m + 4 = -20. Suppose -2*l + 2*t = -2*t - p, 5*t = 4*l - 31. What is the units digit of l?
4
Let x(a) = -a**2 - 5*a + 5. Let n be x(-7). What is the units digit of (75/(-9))/(3/n)?
5
Suppose -2*c - c + 6 = 0. Let b = 1 + c. Suppose d + 2*v + 8 = -0, -4*d - v = -b. What is the units digit of d?
2
Let c(r) = -r**2 + 6*r + 1. Let d be c(5). Let i be d + -8 - 2*-3. Suppose -2*y = -i*j - 28, -j = 3*y + 4*j + 2. What is the units digit of y?
6
Let q = -120 + 187. What is the tens digit of q?
6
Let z be (0/1 - 1)*-2. What is the units digit of 2/z + 2*2?
5
Let x = 18 - -20. What is the units digit of x?
8
Suppose 0 = -4*c + m + 222, 4*c - 3*m - 218 = -0*c. Suppose -4*f = l + 1, -c + 16 = -4*l - 5*f. What is the units digit of 1/(-3) + 155/l?
0
Suppose -4*s + 7 - 27 = 0. Let i = s + 7. What is the units digit of i?
2
Let x = 488 - 286. What is the hundreds digit of x?
2
What is the units digit of (-30)/9*(-1 + -17)?
0
Let g be -1 - (1 + -3 - -1). Let z(r) = r**3 - r**2 + 34. What is the tens digit of z(g)?
3
Suppose x - 628 = -4*f, 2*f - 157 = f - 2*x. What is the units digit of f?
7
What is the tens digit of (585/27)/(2/6)?
6
Suppose 2*r = b + 6, -2*b - 3*b - 6 = 2*r. Suppose 1 + 3 = r*z. Suppose -i - z*i - l = -14, -2*l = 3*i - 16. What is the units digit of i?
4
Let m be 1/(-4) + 660/16. Let f be (-1)/(-2) - m/(-2). Let b = -12 + f. What is the units digit of b?
9
Let u = -4 - -6. What is the tens digit of u - (-2 - (20 - 2))?
2
What is the units digit of 4/(-14) - (-6657)/147?
5
Let m = 125 + 82. What is the units digit of m?
7
Suppose 0 = 4*w + v - 629, -4*w + w = -v - 470. What is the units digit of w?
7
Suppose 5*o = 3*w + 305, o - 29 = -5*w + 4. What is the tens digit of o?
5
Suppose 2*u = -2*u - 2*w + 14, -2*u + 22 = -4*w. Suppose u = 3*n + 2. What is the units digit of n?
1
Let g be 0 + (-1 - -4) + -1. Suppose 3*d - g = 4. What is the units digit of d?
2
Let q be (1 + (-2)/2)/2. Let r = q - -2. What is the units digit of r?
2
Suppose 4*a = -0*a. Suppose 10 = t - a*t. What is the units digit of t?
0
Let q = 3 - 0. Suppose a = q - 1. Suppose -20 = -2*y - 3*n, 3*y - a*n + 61 = 8*y. What is the units digit of y?
3
What is the tens digit of 2 + (-2203)/(-15) + 6/45?
4
Let n(p) = -p**3 - 4*p**2 - 2*p - 2. Let h be n(-4). Suppose -2*j = 3*u - 27, -4*u + h = 2. What is the units digit of j?
2
Let p(h) = h + 5. Suppose -4*q + q - 8 = b, 3*q + 4*b = -5. Let o be p(q). Suppose 5*v + 24 = o*f, 0 = 3*f + 3*v + v - 36. What is the units digit of f?
2
Suppose a + 24 = 5*a. Suppose -5*h = 2*w - 2, -h - 2*h = a. What is the units digit of w?
6
Let k(p) = 17*p + 4. Let f be ((-3)/((-9)/12))/2. What is the tens digit of k(f)?
3
Let u(i) = -2*i**2 - 3*i - 2. Let x be u(-3). Let z = -10 - x. What is the units digit of z?
1
Let d be 0*(1 - 6/4). Suppose d*s - s = -6. Suppose 3*z - 21 = 3*q, -2*q + s*q = -2*z + 8. What is the units digit of z?
6
Let t = 6 + -13. Let y = t - -13. What is the units digit of y?
6
Let l be 2/(4/(-5))*-24. Let g = l + -30. What is the units digit of (-4)/(-5)*g/4?
6
Let i(k) = -51*k + 1. Suppose -3*j - 11 = -4*r, -3*j + 5*r - 6 = -7*j. What is the tens digit of i(j)?
5
Suppose 9*i - 1126 = 1142. What is the hundreds digit of i?
2
Let p = 0 - -3. Let u(t) = 4 + 4*t**2 + 0 - 6 - t**p + t. What is the units digit of u(4)?
2
Let w(m) be the first derivative of 4*m**3/3 - 7*m**2/2 + 7*m + 1. What is the units digit of w(4)?
3
Let u(z) = -9*z**2 + 2*z - 4*z**3 + 5*z**3 - 4 + 3*z**2. What is the units digit of u(6)?
8
Let u(b) = 4*b - 5. Let i = 12 - 8. What is the tens digit of u(i)?
1
Suppose 6*y = 16*y - 190. What is the units digit of y?
9
Let a(i) = i**2 + 4*i - 2. Let h be a(-5). Let r(f) = 4*f**2 + f**2 + f - h*f**2 - 5*f**3. What is the units digit of r(-1)?
6
Suppose 0 = 2*j + j. Suppose -3*x - 4*h + 0*h + 22 = 0, -3*x + 5*h + 13 = j. What is the units digit of x/((0 - 1)*-2)?
3
Suppose 2*p + 3*p + 5*w - 10 = 0, 0 = -w. Suppose 77 = -p*k + 15. What is the units digit of 6/33 + k/(-11)?
3
What is the tens digit of 32/80 + 996/10?
0
Suppose 5*t + 5 = r, 2*r + 0*t + t - 10 = 0. Suppose 0*f - f = -5*g - 40, 4*g = r*f - 95. What is the units digit of f?
5
Suppose a - 31 = -2*p, a + p + 28 = 2*a. What is the tens digit of a?
2
Suppose 5*h = 4*y - 346, h - 358 = y - 5*y. What is the tens digit of y?
8
Suppose -660 = -13*q + 3*q. What is the tens digit of q?
6
Let r(m) = 78*m**2 + m + 1. What is the tens digit of r(-2)?
1
Suppose 0 = r - 0*p + 4*p - 7, -2*p + 1 = 3*r. Let i(d) = -23*d**3 - d**2. What is the units digit of i(r)?
2
Suppose 5*n - 10*n + 165 = 0. Let t = 65 - n. What is the tens digit of t?
3
Suppose -7*c + 8*c - 430 = 0. What is the tens digit of c?
3
Suppose 3*w = 2*w + 4*x - 9, 0 = 2*w - x - 3. Suppose 6*f + 30 = w*f. Let g(v) = -2*v - 7. What is the units digit of g(f)?
3
Suppose 0 = 3*w + 5*c - 28 - 110, 3*c + 162 = 3*w. What is the tens digit of w?
5
Suppose 3*u - 14 = 5*a, 3*u = 4*a + 15 - 2. Suppose -u*b + 0 - 6 = 0. What is the units digit of b*(-2 + -1 - -1)?
4
Let b(m) = m**3 - 5*m**2 - 4*m + 2. Let a be b(5). Let n = -12 - a. What is the units digit of n?
6
Let o(g) = g**2 + 5*g + 4. Let y be o(-4). Let q = 0 - y. What is the units digit of -1 + 4/2 + q?
1
Suppose 0 = -4*g + 17 - 5. Suppose 17 = g*l - 46. What is the units digit of l?
1
Let g = -43 - 95. Let h = 214 + g. What is the tens digit of 2/(-10) - h/(-5)?
1
Let d(z) = -z**2 + 23*z + 7. What is the hundreds digit of d(17)?
1
Suppose 10*w - 1029 = 3*w. What is the hundreds digit of w?
1
Let m = 12 - 9. What is the units digit of m?
3
Suppose 4*i = i + 828. What is the tens digit of i?
